{"id":1613,"date":"2025-02-25T01:57:46","date_gmt":"2025-02-25T01:57:46","guid":{"rendered":"https:\/\/ieboyacapereira.edu.co\/?page_id=1613"},"modified":"2025-02-27T00:28:32","modified_gmt":"2025-02-27T00:28:32","slug":"elecciones-estudiantiles-2025","status":"publish","type":"page","link":"https:\/\/ieboyacapereira.edu.co\/index.php\/consejo-estudiantil\/elecciones-estudiantiles-2025\/","title":{"rendered":"Elecciones Estudiantiles 2025"},"content":{"rendered":"\n<p>Elegir una <strong>Contralora y una Personera Estudiantil<\/strong> en una Instituci\u00f3n Educativa tiene como prop\u00f3sito fortalecer la participaci\u00f3n democr\u00e1tica, formar ciudadanos responsables y garantizar que los derechos de los estudiantes sean respetados. Este proceso fomenta la conciencia cr\u00edtica y prepara a los j\u00f3venes para ser ciudadanos activos en la sociedad.<\/p>\n\n\n\n<p>Elegir contralora y personera estudiantil es fundamental para promover la participaci\u00f3n activa de los estudiantes en la toma de decisiones y el control de la gesti\u00f3n escolar. Estos cargos permiten velar por los derechos de los estudiantes, fomentar la transparencia, la justicia y fortalecer la democracia escolar.<\/p>\n\n\n\n<p>La <strong>Personera Estudiantil<\/strong> representa a los estudiantes ante las directivas, promoviendo sus derechos, escuchando sus inquietudes y proponiendo soluciones para mejorar el ambiente escolar. Es la voz de la comunidad estudiantil y un puente entre los estudiantes y la administraci\u00f3n. Por otro lado, la <strong>Contralora Estudiantil<\/strong> se encarga de supervisar el uso de los recursos de la instituci\u00f3n, asegurando transparencia en su manejo y promoviendo una cultura de honestidad y buen gobierno. Su labor es fundamental para que los fondos destinados a la educaci\u00f3n se utilicen de manera adecuada y equitativa.<\/p>\n\n\n\n<p>A trav\u00e9s de estas elecciones, los estudiantes ejercen su derecho al voto, aprenden sobre la responsabilidad ciudadana y fortalecen valores como la equidad, el liderazgo y el trabajo en equipo. En resumen, elegir Personera y Contralora Estudiantil no solo mejora la vida escolar, sino que tambi\u00e9n contribuye a la formaci\u00f3n de l\u00edderes comprometidos con la justicia y la democracia.<\/p>\n\n\n\n<figure class=\"wp-block-embed is-type-video is-provider-youtube wp-block-embed-youtube wp-embed-aspect-16-9 wp-has-aspect-ratio\"><div class=\"wp-block-embed__wrapper\">\n<iframe loading=\"lazy\" title=\"Presentaci\u00f3n elecciones estudiantiles 2025.\" width=\"860\" height=\"484\" src=\"https:\/\/www.youtube.com\/embed\/6ZNulnux5mc?feature=oembed\" frameborder=\"0\" allow=\"accelerometer; autoplay; clipboard-write; encrypted-media; gyroscope; picture-in-picture; web-share\" referrerpolicy=\"strict-origin-when-cross-origin\" allowfullscreen><\/iframe>\n<\/div><\/figure>\n\n\n\n<figure class=\"wp-block-embed is-type-video is-provider-youtube wp-block-embed-youtube wp-embed-aspect-16-9 wp-has-aspect-ratio\"><div class=\"wp-block-embed__wrapper\">\n<iframe loading=\"lazy\" title=\"02 Personer\u00eda   Laura Londo\u00f1o 2025\" width=\"860\" height=\"484\" src=\"https:\/\/www.youtube.com\/embed\/DN7ZV7mNRmI?feature=oembed\" frameborder=\"0\" allow=\"accelerometer; autoplay; clipboard-write; encrypted-media; gyroscope; picture-in-picture; web-share\" referrerpolicy=\"strict-origin-when-cross-origin\" allowfullscreen><\/iframe>\n<\/div><\/figure>\n\n\n\n<figure class=\"wp-block-embed is-type-video is-provider-youtube wp-block-embed-youtube wp-embed-aspect-16-9 wp-has-aspect-ratio\"><div class=\"wp-block-embed__wrapper\">\n<iframe loading=\"lazy\" title=\"03 Personer\u00eda   Danna Calder\u00f3n 2025\" width=\"860\" height=\"484\" src=\"https:\/\/www.youtube.com\/embed\/mGjMNgGe1Cw?feature=oembed\" frameborder=\"0\" allow=\"accelerometer; autoplay; clipboard-write; encrypted-media; gyroscope; picture-in-picture; web-share\" referrerpolicy=\"strict-origin-when-cross-origin\" allowfullscreen><\/iframe>\n<\/div><\/figure>\n\n\n\n<figure class=\"wp-block-embed is-type-video is-provider-youtube wp-block-embed-youtube wp-embed-aspect-4-3 wp-has-aspect-ratio\"><div class=\"wp-block-embed__wrapper\">\n<iframe loading=\"lazy\" title=\"03 Contralor\u00eda   Alison Barrag\u00e1n 2025\" width=\"860\" height=\"645\" src=\"https:\/\/www.youtube.com\/embed\/PCvLRDl_uxA?feature=oembed\" frameborder=\"0\" allow=\"accelerometer; autoplay; clipboard-write; encrypted-media; gyroscope; picture-in-picture; web-share\" referrerpolicy=\"strict-origin-when-cross-origin\" allowfullscreen><\/iframe>\n<\/div><\/figure>\n\n\n\n<figure class=\"wp-block-embed is-type-video is-provider-youtube wp-block-embed-youtube wp-embed-aspect-16-9 wp-has-aspect-ratio\"><div class=\"wp-block-embed__wrapper\">\n<iframe loading=\"lazy\" title=\"02 Contralor\u00eda - Sara L\u00f3pez 2025\" width=\"860\" height=\"484\" src=\"https:\/\/www.youtube.com\/embed\/F9Lzc4QWXiM?feature=oembed\" frameborder=\"0\" allow=\"accelerometer; autoplay; clipboard-write; encrypted-media; gyroscope; picture-in-picture; web-share\" referrerpolicy=\"strict-origin-when-cross-origin\" allowfullscreen><\/iframe>\n<\/div><\/figure>\n","protected":false},"excerpt":{"rendered":"<p>Elegir una Contralora y una Personera Estudiantil en una Instituci\u00f3n Educativa tiene como prop\u00f3sito fortalecer la participaci\u00f3n democr\u00e1tica, formar ciudadanos responsables y garantizar que los derechos de los estudiantes sean respetados. Este proceso fomenta la conciencia cr\u00edtica y prepara a los j\u00f3venes para ser ciudadanos activos en la sociedad. Elegir contralora y personera estudiantil es fundamental para promover la participaci\u00f3n<\/p>\n","protected":false},"author":1,"featured_media":0,"parent":1076,"menu_order":0,"comment_status":"closed","ping_status":"closed","template":"","meta":{"footnotes":""},"class_list":["post-1613","page","type-page","status-publish","hentry"],"_links":{"self":[{"href":"https:\/\/ieboyacapereira.edu.co\/index.php\/wp-json\/wp\/v2\/pages\/1613","targetHints":{"allow":["GET"]}}],"collection":[{"href":"https:\/\/ieboyacapereira.edu.co\/index.php\/wp-json\/wp\/v2\/pages"}],"about":[{"href":"https:\/\/ieboyacapereira.edu.co\/index.php\/wp-json\/wp\/v2\/types\/page"}],"author":[{"embeddable":true,"href":"https:\/\/ieboyacapereira.edu.co\/index.php\/wp-json\/wp\/v2\/users\/1"}],"replies":[{"embeddable":true,"href":"https:\/\/ieboyacapereira.edu.co\/index.php\/wp-json\/wp\/v2\/comments?post=1613"}],"version-history":[{"count":5,"href":"https:\/\/ieboyacapereira.edu.co\/index.php\/wp-json\/wp\/v2\/pages\/1613\/revisions"}],"predecessor-version":[{"id":1630,"href":"https:\/\/ieboyacapereira.edu.co\/index.php\/wp-json\/wp\/v2\/pages\/1613\/revisions\/1630"}],"up":[{"embeddable":true,"href":"https:\/\/ieboyacapereira.edu.co\/index.php\/wp-json\/wp\/v2\/pages\/1076"}],"wp:attachment":[{"href":"https:\/\/ieboyacapereira.edu.co\/index.php\/wp-json\/wp\/v2\/media?parent=1613"}],"curies":[{"name":"wp","href":"https:\/\/api.w.org\/{rel}","templated":true}]}}