{"id":168,"date":"2021-02-05T13:15:49","date_gmt":"2021-02-05T13:15:49","guid":{"rendered":"http:\/\/ieboyacapereira.edu.co\/?page_id=168"},"modified":"2025-05-19T11:39:33","modified_gmt":"2025-05-19T11:39:33","slug":"padres-de-familia","status":"publish","type":"page","link":"https:\/\/ieboyacapereira.edu.co\/index.php\/padres-de-familia\/","title":{"rendered":"PADRES DE FAMILIA"},"content":{"rendered":"<!-- PDF Embedder: Please provide an \"URL\" attribute in your shortcode. -->\n\n<a href=\"https:\/\/ieboyacapereira.edu.co\/wp-content\/uploads\/2023\/09\/DOCUMENTOS-PARA-LA-MATRICULA-GRADO-TRANSICION-2024.pdf\" class=\"pdfemb-viewer\" style=\"\" data-width=\"max\" data-height=\"max\" data-toolbar=\"bottom\" data-toolbar-fixed=\"off\">DOCUMENTOS-PARA-LA-MATRICULA-GRADO-TRANSICION-2024<\/a>\n<p class=\"wp-block-pdfemb-pdf-embedder-viewer\"><\/p>\n\n\n\n<h2 class=\"wp-block-heading\">REUNIONES PADRES DE FAMILIA<\/h2>\n\n\n\n<p>D\u00eda 8 de abril 2022<\/p>\n\n\n\n<p>hora: jornada ma\u00f1ana 6:30 a.m.<\/p>\n\n\n\n<p>Jornada tarde: 1:00 p.m. <\/p>\n\n\n\n<p>Recuerde preguntar a su hija\/o el n\u00famero de aula y el grado y grupo, para que llegue m\u00e1s f\u00e1cil a su destino.<\/p>\n\n\n\n<p>Los esperamos, gracias por su puntualidad<\/p>\n\n\n\n<figure class=\"wp-block-embed is-type-video is-provider-youtube wp-block-embed-youtube wp-embed-aspect-16-9 wp-has-aspect-ratio\"><div class=\"wp-block-embed__wrapper\">\n<iframe loading=\"lazy\" title=\"El valor de la sanci\u00f3n como est\u00edmulo 8 abril 2022\" width=\"860\" height=\"484\" src=\"https:\/\/www.youtube.com\/embed\/FRUtGAvgezE?feature=oembed\" frameborder=\"0\" allow=\"accelerometer; autoplay; clipboard-write; encrypted-media; gyroscope; picture-in-picture; web-share\" referrerpolicy=\"strict-origin-when-cross-origin\" allowfullscreen><\/iframe>\n<\/div><figcaption class=\"wp-element-caption\">Reuni\u00f3n de <\/figcaption><\/figure>\n\n\n\n<p class=\"has-primary-color has-text-color\"><strong><em>AGOSTO 27 CIERRE DEL SEGUNDO PERIODO<\/em><\/strong><\/p>\n\n\n\n<p>PALABRAS DE LA RECTORA<\/p>\n\n\n\n<figure class=\"wp-block-embed is-type-rich is-provider-gestor-del-servicio wp-block-embed-gestor-del-servicio wp-embed-aspect-16-9 wp-has-aspect-ratio\"><div class=\"wp-block-embed__wrapper\">\n<iframe loading=\"lazy\" title=\"\u00bfD\u00f3nde est\u00e1n los hijos?  27082021\" width=\"860\" height=\"484\" src=\"https:\/\/www.youtube.com\/embed\/J8qPLD-kAts?feature=oembed\" frameborder=\"0\" allow=\"accelerometer; autoplay; clipboard-write; encrypted-media; gyroscope; picture-in-picture; web-share\" referrerpolicy=\"strict-origin-when-cross-origin\" allowfullscreen><\/iframe>\n<\/div><\/figure>\n\n\n\n<p>PALABRAS DEL COORDINADOR DE CONVIVENCIA<\/p>\n\n\n\n<figure class=\"wp-block-embed is-type-rich is-provider-gestor-del-servicio wp-block-embed-gestor-del-servicio wp-embed-aspect-16-9 wp-has-aspect-ratio\"><div class=\"wp-block-embed__wrapper\">\n<iframe loading=\"lazy\" title=\"Palabras Coordinador de Convivencia\" width=\"860\" height=\"484\" src=\"https:\/\/www.youtube.com\/embed\/oVWwy-fLCeg?feature=oembed\" frameborder=\"0\" allow=\"accelerometer; autoplay; clipboard-write; encrypted-media; gyroscope; picture-in-picture; web-share\" referrerpolicy=\"strict-origin-when-cross-origin\" allowfullscreen><\/iframe>\n<\/div><\/figure>\n\n\n\n<p>PALABRAS DE NUESTRO NUEVO COORDINADOR ACAD\u00c9MICO<\/p>\n\n\n\n<figure class=\"wp-block-embed is-type-rich is-provider-gestor-del-servicio wp-block-embed-gestor-del-servicio wp-embed-aspect-16-9 wp-has-aspect-ratio\"><div class=\"wp-block-embed__wrapper\">\n<iframe loading=\"lazy\" title=\"Intervenci\u00f3n Coordinador Acad\u00e9mico Agosto 27\" width=\"860\" height=\"484\" src=\"https:\/\/www.youtube.com\/embed\/57jW1-hs-2g?feature=oembed\" frameborder=\"0\" allow=\"accelerometer; autoplay; clipboard-write; encrypted-media; gyroscope; picture-in-picture; web-share\" referrerpolicy=\"strict-origin-when-cross-origin\" allowfullscreen><\/iframe>\n<\/div><\/figure>\n\n\n\n<p>Palabras de la Coordinadora de Transici\u00f3n y Primaria (Jornada de la Tarde)<\/p>\n\n\n\n<figure class=\"wp-block-embed is-type-rich is-provider-gestor-del-servicio wp-block-embed-gestor-del-servicio wp-embed-aspect-16-9 wp-has-aspect-ratio\"><div class=\"wp-block-embed__wrapper\">\n<iframe loading=\"lazy\" title=\"Palabras Coordinadora Transici\u00f3n y Primaria\" width=\"860\" height=\"484\" src=\"https:\/\/www.youtube.com\/embed\/wXGIVjIJjpM?feature=oembed\" frameborder=\"0\" allow=\"accelerometer; autoplay; clipboard-write; encrypted-media; gyroscope; picture-in-picture; web-share\" referrerpolicy=\"strict-origin-when-cross-origin\" allowfullscreen><\/iframe>\n<\/div><\/figure>\n\n\n\n<p>AGOSTO 10 <\/p>\n\n\n\n<p>Informe de Elementos de Bioseguridad Recibidos de la SEM y Gobernaci\u00f3n de Risaralda 2021<\/p>\n\n\n\n<figure class=\"wp-block-embed is-type-rich is-provider-gestor-del-servicio wp-block-embed-gestor-del-servicio wp-embed-aspect-16-9 wp-has-aspect-ratio\"><div class=\"wp-block-embed__wrapper\">\nhttps:\/\/youtube.com\/watch?v=srDSsmXRVbA\n<\/div><\/figure>\n\n\n\n<p>JULIO 21<\/p>\n\n\n\n<p>PALABRAS DE LA RECTORA DE LA IE BOYAC\u00c1<\/p>\n\n\n\n<figure class=\"wp-block-embed is-type-video is-provider-youtube wp-block-embed-youtube wp-embed-aspect-16-9 wp-has-aspect-ratio\"><div class=\"wp-block-embed__wrapper\">\nhttps:\/\/youtu.be\/sxQ1v4OzA2s\n<\/div><\/figure>\n\n\n\n<p>MAYO 13<\/p>\n\n\n\n<p>REUNI\u00d3N INFORMATIVA A PADRES DE FAMILIA SOBRE LA PARTICIPACI\u00d3N EN EL PARO NACIONAL<\/p>\n\n\n\n<figure class=\"wp-block-embed is-type-rich is-provider-gestor-del-servicio wp-block-embed-gestor-del-servicio wp-embed-aspect-16-9 wp-has-aspect-ratio\"><div class=\"wp-block-embed__wrapper\">\n<iframe loading=\"lazy\" title=\"REUNI\u00d3N INFORMATIVA CON PADRES DE FAMILIA\" width=\"860\" height=\"484\" src=\"https:\/\/www.youtube.com\/embed\/1WyQa9y9HPM?feature=oembed\" frameborder=\"0\" allow=\"accelerometer; autoplay; clipboard-write; encrypted-media; gyroscope; picture-in-picture; web-share\" referrerpolicy=\"strict-origin-when-cross-origin\" allowfullscreen><\/iframe>\n<\/div><\/figure>\n\n\n\n<p><strong>CIERRE DEL PRIMER PERIODO<\/strong><\/p>\n\n\n\n<p>PALABRAS DE LA RECTORA <\/p>\n\n\n\n<figure class=\"wp-block-embed is-type-rich is-provider-gestor-del-servicio wp-block-embed-gestor-del-servicio wp-embed-aspect-16-9 wp-has-aspect-ratio\"><div class=\"wp-block-embed__wrapper\">\nhttps:\/\/youtube.com\/watch?v=nwT-z-LZc1U\n<\/div><\/figure>\n\n\n\n<p>PALABRAS DEL COORDINADOR ACAD\u00c9MICO<\/p>\n\n\n\n<figure class=\"wp-block-embed is-type-rich is-provider-gestor-del-servicio wp-block-embed-gestor-del-servicio wp-embed-aspect-16-9 wp-has-aspect-ratio\"><div class=\"wp-block-embed__wrapper\">\n<iframe loading=\"lazy\" title=\"2da Reuni\u00f3n Padres de Familia - Aspectos Acad\u00e9micos 03 Mayo 2021\" width=\"860\" height=\"484\" src=\"https:\/\/www.youtube.com\/embed\/p06riHEHyJQ?feature=oembed\" frameborder=\"0\" allow=\"accelerometer; autoplay; clipboard-write; encrypted-media; gyroscope; picture-in-picture; web-share\" referrerpolicy=\"strict-origin-when-cross-origin\" allowfullscreen><\/iframe>\n<\/div><\/figure>\n\n\n\n<p>PALABRAS DEL COORDINADOR DE CONVIVENCIA<\/p>\n\n\n\n<figure class=\"wp-block-embed is-type-rich is-provider-gestor-del-servicio wp-block-embed-gestor-del-servicio wp-embed-aspect-16-9 wp-has-aspect-ratio\"><div class=\"wp-block-embed__wrapper\">\n<iframe loading=\"lazy\" title=\"Cierre Periodo 1 Coordinador de Convivencia\" width=\"860\" height=\"484\" src=\"https:\/\/www.youtube.com\/embed\/1VorxGoHQV4?feature=oembed\" frameborder=\"0\" allow=\"accelerometer; autoplay; clipboard-write; encrypted-media; gyroscope; picture-in-picture; web-share\" referrerpolicy=\"strict-origin-when-cross-origin\" allowfullscreen><\/iframe>\n<\/div><\/figure>\n\n\n\n<p>PALABRAS DE LA DOCENTE DE APOYO DE LA IE BOYAC\u00c1<\/p>\n\n\n\n<figure class=\"wp-block-embed is-type-rich is-provider-gestor-del-servicio wp-block-embed-gestor-del-servicio wp-embed-aspect-16-9 wp-has-aspect-ratio\"><div class=\"wp-block-embed__wrapper\">\n<iframe loading=\"lazy\" title=\"Palabras de la Docente De Apoyo IE Boyac\u00e1\" width=\"860\" height=\"484\" src=\"https:\/\/www.youtube.com\/embed\/HjbaRmrKNGU?feature=oembed\" frameborder=\"0\" allow=\"accelerometer; autoplay; clipboard-write; encrypted-media; gyroscope; picture-in-picture; web-share\" referrerpolicy=\"strict-origin-when-cross-origin\" allowfullscreen><\/iframe>\n<\/div><\/figure>\n\n\n\n<p>CHARLA DE LA DOCENTE ORIENTADORA \u00abEl Impacto de las Emociones en el Aprendizaje\u00bb<\/p>\n\n\n\n<figure class=\"wp-block-embed is-type-rich is-provider-gestor-del-servicio wp-block-embed-gestor-del-servicio wp-embed-aspect-16-9 wp-has-aspect-ratio\"><div class=\"wp-block-embed__wrapper\">\n<iframe loading=\"lazy\" title=\"Cierre P1. Charla &quot;Las Emociones en el Aprendizaje\" width=\"860\" height=\"484\" src=\"https:\/\/www.youtube.com\/embed\/DTSJ8GyzDgo?feature=oembed\" frameborder=\"0\" allow=\"accelerometer; autoplay; clipboard-write; encrypted-media; gyroscope; picture-in-picture; web-share\" referrerpolicy=\"strict-origin-when-cross-origin\" allowfullscreen><\/iframe>\n<\/div><\/figure>\n\n\n\n<hr class=\"wp-block-separator has-css-opacity\"\/>\n\n\n\n<div class=\"wp-block-buttons is-horizontal is-content-justification-right is-layout-flex wp-container-core-buttons-is-layout-ae2fe186 wp-block-buttons-is-layout-flex\">\n<div class=\"wp-block-button\"><a class=\"wp-block-button__link wp-element-button\" href=\"https:\/\/ieboyacapereira.edu.co\/index.php\/archivo-reuniones-con-padres-de-familia\/\" target=\"_blank\" rel=\"noreferrer noopener\">ARCHIVO REUNIONES PADRES DE FAMILIA<\/a><\/div>\n<\/div>\n","protected":false},"excerpt":{"rendered":"<p>REUNIONES PADRES DE FAMILIA D\u00eda 8 de abril 2022 hora: jornada ma\u00f1ana 6:30 a.m. Jornada tarde: 1:00 p.m. Recuerde preguntar a su hija\/o el n\u00famero de aula y el grado y grupo, para que llegue m\u00e1s f\u00e1cil a su destino. Los esperamos, gracias por su puntualidad AGOSTO 27 CIERRE DEL SEGUNDO PERIODO PALABRAS DE LA RECTORA PALABRAS DEL COORDINADOR DE<\/p>\n","protected":false},"author":1,"featured_media":0,"parent":0,"menu_order":0,"comment_status":"closed","ping_status":"closed","template":"","meta":{"footnotes":""},"class_list":["post-168","page","type-page","status-publish","hentry"],"_links":{"self":[{"href":"https:\/\/ieboyacapereira.edu.co\/index.php\/wp-json\/wp\/v2\/pages\/168","targetHints":{"allow":["GET"]}}],"collection":[{"href":"https:\/\/ieboyacapereira.edu.co\/index.php\/wp-json\/wp\/v2\/pages"}],"about":[{"href":"https:\/\/ieboyacapereira.edu.co\/index.php\/wp-json\/wp\/v2\/types\/page"}],"author":[{"embeddable":true,"href":"https:\/\/ieboyacapereira.edu.co\/index.php\/wp-json\/wp\/v2\/users\/1"}],"replies":[{"embeddable":true,"href":"https:\/\/ieboyacapereira.edu.co\/index.php\/wp-json\/wp\/v2\/comments?post=168"}],"version-history":[{"count":20,"href":"https:\/\/ieboyacapereira.edu.co\/index.php\/wp-json\/wp\/v2\/pages\/168\/revisions"}],"predecessor-version":[{"id":842,"href":"https:\/\/ieboyacapereira.edu.co\/index.php\/wp-json\/wp\/v2\/pages\/168\/revisions\/842"}],"wp:attachment":[{"href":"https:\/\/ieboyacapereira.edu.co\/index.php\/wp-json\/wp\/v2\/media?parent=168"}],"curies":[{"name":"wp","href":"https:\/\/api.w.org\/{rel}","templated":true}]}}